(-17 - (26 - 29))?
6
32 + -2 + 2 - (-30 + 55 + -38)
45
(-54 - -33) + 62 + -25
16
-58 + 54 + 56 - 42
10
Calculate -24 - (49 - 150 - (-18 - 1)).
58
What is the value of -4 - (-5 + (-3 - (-6 + -12)))?
-14
What is the value of 79 + 3 + -2 + 2 + (-13 - (-13 - -11))?
71
Calculate 0 + -1 - -1 - (10 - (20 + -11)).
-1
Calculate 55 + -13 + -4 + -23 - 6 - -93.
102
Calculate (-49 + 0 - (1628 - 1724)) + 45.
92
What is the value of -8 + (4 - (-7 - 1 - (-15 - 3 - 0)))?
-14
-15 + ((-30 - 5) + 15 - (2 + -31))
-6
What is 48 + -26 + -28 + (-3 - (-17 - -1)) + 53?
60
What is the value of (0 - -5) + -47 + 42 + 17 - -54?
71
What is the value of 1 + (-30 + 26 - (-17 - (-3 - 2)))?
9
Evaluate (53 - (38 - 26)) + -17.
24
What is the value of (-17 - (-23 + 0 - (-399 - -395))) + 0 + -113?
-111
Evaluate (-1 - -1) + -3301 + 3273.
-28
Calculate 17 + -6 + -2 + -1 + -2.
6
What is the value of -20 - -21 - 17 - -12 - 14?
-18
31 + -28 + (-35 - (3 + (1 - -4)))
-40
(-102 + 66 - -123) + -170
-83
1 + -35 - (34 + (-11 - 118))
61
Calculate -1 + 2 + 0 - (-73 - -85) - -52.
41
What is the value of (25 - (24 + -12)) + (1 - 1 - -1 - -4)?
18
Calculate (-177 - (199 + -373)) + (1 + -1 - 104).
-107
0 + 10 + 2 - (-2 - -34 - (142 - 96))
26
Evaluate -23 + -14 + 3 + (40 - 11).
-5
Calculate 5 - 0 - (-28 + 78 + -23).
-22
What is the value of (36 - 3 - (103 + -11)) + 10?
-49
What is 309 + -286 - ((-4 - -2) + 17)?
8
194 + -197 - (10 + -4 + 65 - -2)
-76
Evaluate -1 + (10 - (-1 - (-35 + 10)) - -1).
-14
What is the value of 11 + (-3 - (1 + 0) - (3276 + -3282)) - -5?
18
What is (8 - 1) + (-67 - (20 + -46 + 32))?
-66
What is the value of (-13 - -22) + (-7 - (6 - 13)) + -8?
1
Calculate -4 + (-33 - -29 - 72).
-80
-10 + 0 + -4 + 5 - (-32 - (33 - -4))
60
Evaluate (90 - (-27 - -20) - (-34 + 12)) + 2.
121
-5 + -2 - (-7 + -15 - -21) - -6
0
Evaluate -5 + (15 - (34 + -39 + (1 - -7))) + -33.
-26
Calculate -6 - (0 + 19 - (744 + -735)).
-16
What is the value of -63 + (93 - 22) + -144?
-136
Calculate -1 - (129 - -2) - (28705 + -28745).
-92
Calculate (17 + -29 + 4 - -17) + -46.
-37
(0 - 2) + 1735 + -1736
-3
What is (14 - (26 + 6 + -13)) + (-2 + 0 - 26)?
-33
Calculate (-127 - -58) + 86 - 25.
-8
141 - (35 + -19 - -44)
81
What is the value of -2 + 4 + 0 + 15 + -85 + 70?
2
What is the value of -50 + (-35 - -31) - -12?
-42
Calculate 55 - ((2 - -4 - 0) + -7 + (0 - -4)).
52
What is the value of 1 - 1 - (40 - (-18 - -18) - 14 - -8)?
-34
(-2 - 0 - (-50 - -42 - -3)) + 46
49
Evaluate -29 + -1 + (174 - 103 - 111).
-70
Evaluate -12 + 24 - ((0 - 1) + -2 - -58).
-43
3 - ((-1 - 5) + (-4 - (-28 - -25)) - -39)
-29
Calculate -22 + 78 + 10 + -30.
36
What is (-7 + -2 - (-1045 - -1045)) + (-32 - (2 - 2))?
-41
Calculate 43 + (-14 - -42) + 4 + 0.
75
-5 - ((32 - (13 + 5)) + -64)
45
Evaluate (-9 + 3 - -28) + 80 + 39 + -16.
125
What is the value of 82 - -45 - (195 - 82)?
14
Calculate 47 + -58 + 53 + -17.
25
What is the value of (-73 - 1) + (140 - 172 - (-22 + 8))?
-92
Calculate -7 + 5 + 1 - 122 - (-346 - -336).
-113
Calculate (34 - 30 - -51) + (0 - -5) + -7 + -4.
49
What is the value of 90 + -48 - (-12 + 9 - -5)?
40
What is the value of -44 + (1 - -4) + (408 - 403)?
-34
What is the value of 5 - (-1 + -29 + (63 - 23) + -23)?
18
What is (18 - -107 - 107) + 125?
143
What is 33 + -76 + 24 - (-4 - -6 - 1)?
-20
What is 64 + 30 + -73 - 21 - (1 + -31)?
30
(1570 - 1530) + (8 - -1)
49
2 - (5 - 7 - (-25 + 0) - (33 + -23))
-11
3 + -85 + -7667 + 7663
-86
3 + 3 + 9 + (15 - 18) + 4
16
-41 - (-1 + (-9 - (-56 + -6)))
-93
(1 - -73) + (3487 - 3486)
75
Evaluate 14572 + -14560 + (-113 - (-5 + 1 + 2)).
-99
What is the value of 2 - 0 - (-1 + -9 + 0) - (-60 + 55)?
17
(135 - 73) + 41 + -145
-42
Calculate (-21 - (-49 - -31) - -22) + -38.
-19
Evaluate -77 - (-20 + -25 + 26 - (-2 - -5)).
-55
Calculate (72 - 76) + 15 + (-18 - 0) + (-2 - -1).
-8
What is the value of 12 - (-6 + (0 - 82 - (-10 + 9)) + 15)?
84
-26 - 50 - ((-4 - 8) + 1)
-65
-35 + 71 + -11 + 17
42
What is the value of -31 - ((-7 - 65) + 26 - -21)?
-6
31 - ((61 - 59) + 25)
4
5 - 31 - -93 - 32
35
Calculate 0 + 9 + (-8 + 23 - 14) + 0.
10
What is (-1 - (-13 + 43)) + 17 + -28?
-42
Evaluate 44 - ((-7 - -27) + 2) - -24.
46
Calculate 109 - (-88 - (-113 + -116)).
-32
-16 + (3 - 0) + (-70 + 115 - -56)
88
What is 118 - (-15 - -32) - 56?
45
Calculate -94 - -17 - -105 - 98.
-70
6 - ((1 - (-12 - -18)) + -9)
20
Calculate -149 + 91 + 25 - 78.
-111
Evaluate -76 - (-6 + 9) - (56 - 71) - -12.
-52
What is the value of -7 + 19 + (-10 - (-6 + -10 + 20))?
-2
What is 28 - 0 - (-105 + (68 - 43))?
108
What is -108 + 47 + 69 - (56 - 1)?
-47
What is the value of 424 + -426 + (4 + (-5 - 3) - 57)?
-63
Evaluate 58 - (-7 - (1 + 1) - -25).
42
Evaluate 0 - -25 - ((-29 - 24) + 70).
8
Evaluate 44 + (-61 - -42) + -65.
-40
Calculate 50 + (47 - (-54 - -104)).
47
Calculate 44 + (1 - 45) + -94.
-94
Calculate -89 + (0 - (2 - -1)) + -125 + 270 + -150.
-97
Evaluate -96 + (11 - -20) - -55.
-10
0 + (6 - (-8 + 2 - -80)) - 16
-84
What is -10576 + 10558 + 1 + (-1 - -3) + -33?
-48
Evaluate 208 + -193 - (3 - 9).
21
What is the value of 68 - (34 + -56 - -173)?
-83
What is the value of 30 + (-26 + -5 - 94) + 9?
-86
What is -1 + -1 + 25 + 0 + 757 + -748?
32
What is -57 + 205 + -144 + -99?
-95
-212 + 199 - (-21 + -2)
10
Calculate 8 + -2 + (-5 - 2) + (108 - 64).
43
What is 53 + (49 - 29) + -3 + -19?
51
88 - 1 - (-2 - (10 - (3 + 3 - -11)))
82
What is -4 + -2 + 30 + -33 - (70 + (-1 - 1))?
-77
What is the value of (147 - 159) + -90 - -61?
-41
What is (-1 - -33) + 279 + -294 + 1?
18
64 - 73 - (-17 + 1)
7
What is the value of 7 + (-19 - -61 - 34 - (-1 + 3)) + -98?
-85
-1 - (-1 - -14) - (134 + -24 + -105)
-19
6 + 3 + (-2 - 0) + -6 + (-31 - 5)
-35
Calculate 2 + 4 - (-13 - (-17 + -14 + 8)).
-4
Calculate -8 - (16 + 0 + -3 + -66) - (0 + -11).
56
What is the value of ((18 - 7) + 0 - (70 - 61)) + (2 - -5)?
9
Evaluate (-23 - (14 - (10 - -11))) + -13 + 13.
-16
Evaluate (4 - (63 + -57 - (-1 + 12))) + (25 - 1).
33
What is 6 + 0 + -42 + 23 - (-30 + 1)?
16
What is the value of 76 - (-22 + 27 + -2 + -4 + -1) - -1?
79
Calculate 61 - (-6 - -3) - (41 + (-93 - -43)).
73
What is the value of -2 + (45 - (52 + -32))?
23
What is 168 - (88 - -41) - (-92 + 5)?
126
-21 + -7 + -25 + -18 - -31
-40
Evaluate 4 + (-35 - -18) + -12 + -10.
-35
Evaluate -4 + 56 - (-20 + (37 - 26)).
61
What is the value of -1 - (16 - (-18 - -31) - (4 - 32))?
-32
-29 - (-28 - (-4 + -37))
-42
What is the value of -3 - 49 - (-44 + (23 - 2) + 9 + 7)?
-45
Calculate (-10 - (18 - 28)) + -5 + (-12 - -63).
46
What is the value of -54 + 99 - 47 - (0 + 0 + -3)?
1
What is (50 + 2 - -1) + (840 - 839)?
54
Evaluate (-2 - -7 - 0) + (-25 - (-24 - -32)).
-28
What is -15 - (28 - (11 - 7))?
-39
What is the value of 2 - (-110 + 62 + 34)?
16
What is the value of -10 - ((10 - (1 + 11) - -6) + 8 + 13)?
-35
What is (8 - (-27 - -16)) + -17 - (-3 - (0 - -2))?
7
What is the value of 26 + (47 - 92) + 36?
17
What is the value of -19 - (24 - (3 - -9 - -3 - 6))?
-34
Calculate -5 + 24 + (14 - 6 - 14) - -51.
64
Evaluate 85 + (-142 - 38) - (0 - 10).
-85
What is the value of (0 + 12 + 1 - (27 + -13)) + -10 + 1?
-10
(-1 - ((-13 - -2) + 0)) + -9 + 71 + -10
62
26 - (19 + -16) - 47
-24
What is the value of 5 - (57 - (-8 + 36) - 4)?
-20
What is the value of 54 - (-5 - (12 - 22)) - (5 + -3 + -3)?
50
What is the value of 1 + (13 - (7 + -6)) + 0 + 57?
70
What is 2 - (-26 + (86 - -4) + (-4 - (3 - 2)))?
-57
Calculate 6 - ((0 - -1) + 109 + -68) - 12.
-48
Calculate 16 - (17 - (52 + -40)).
11
What is -5 + (-20 - -9) + (-23 - (23 - 38))?
-24
9 + (4 - -15) + -26 - ((0 - 1) + -41)
44
What is the value of -10 - (0 - 16) - (52 + -55)?
9
Evaluate (32 - 44) + -7 + 0 + 83.
64
Evaluate -4 + (11 + 20 - 18) + (-4 - 70).
-65
Evaluate -631 - -629 - ((6 - (8 + -81)) + (-1 - -5)).
-85
What is -1 + 12 + (-10 - -6) + (-18 - -51) + -34?
6
What is the value of 11 + -72 + -44 + 100?
-5
Calculate (69 - 0) + (-145 - (-235 - -123)).
36
-3 + 4 - (246 + -288)
43
What is the value of (-85 - -65 - -18) + 0 + (-1 - 1) + -99?
-103
Calculate -22 - (-86 + 28 + 141).
-105
Calculate (-20 - 32 - -17) + 94.
59
Calculate 85 + (145 - (195 + 83)).
-48
-2 + (11 + (12 - (-2 + 21)) - 34)
-32
Calculate 0 + 1 + 1296 + -1311 + -41.
-55
What is 3 + -16 - -3 - ((-23 - (-81 + 19)) + -10)?
-39
Evaluate (110 + -16 + 